by 63745?
2
Calculate the remainder when 41428 is divided by 360.
28
What is the remainder when 3119 is divided by 49?
32
What is the remainder when 1464 is divided by 1429?
35
What is the remainder when 96929 is divided by 48440?
49
Calculate the remainder when 209421 is divided by 16.
13
What is the remainder when 1126619 is divided by 29?
27
Calculate the remainder when 502933 is divided by 360.
13
What is the remainder when 189457 is divided by 255?
247
Calculate the remainder when 23598 is divided by 11662.
274
What is the remainder when 19163 is divided by 270?
263
Calculate the remainder when 295530 is divided by 25.
5
Calculate the remainder when 221801 is divided by 7647.
38
Calculate the remainder when 2120210 is divided by 137.
135
What is the remainder when 7206 is divided by 240?
6
What is the remainder when 65675 is divided by 598?
493
What is the remainder when 1655757 is divided by 13?
12
Calculate the remainder when 496 is divided by 326.
170
Calculate the remainder when 26322 is divided by 8772.
6
Calculate the remainder when 3276 is divided by 217.
21
What is the remainder when 6359 is divided by 2549?
1261
Calculate the remainder when 886 is divided by 88.
6
What is the remainder when 466436 is divided by 74?
14
Calculate the remainder when 2489 is divided by 1171.
147
Calculate the remainder when 1662 is divided by 1630.
32
What is the remainder when 2428 is divided by 110?
8
Calculate the remainder when 359717 is divided by 288.
5
Calculate the remainder when 2995 is divided by 577.
110
Calculate the remainder when 2484588 is divided by 16.
12
Calculate the remainder when 3880 is divided by 800.
680
What is the remainder when 867 is divided by 79?
77
What is the remainder when 20753 is divided by 768?
17
Calculate the remainder when 5171 is divided by 199.
196
Calculate the remainder when 5748 is divided by 806.
106
What is the remainder when 1335 is divided by 1150?
185
Calculate the remainder when 28495 is divided by 2174.
233
Calculate the remainder when 8993 is divided by 1283.
12
Calculate the remainder when 9763 is divided by 515.
493
What is the remainder when 4125 is divided by 260?
225
What is the remainder when 313941 is divided by 15697?
1
Calculate the remainder when 30122 is divided by 4302.
8
What is the remainder when 2272 is divided by 283?
8
Calculate the remainder when 1088 is divided by 529.
30
What is the remainder when 843 is divided by 625?
218
Calculate the remainder when 941 is divided by 99.
50
What is the remainder when 105788 is divided by 745?
743
What is the remainder when 482955 is divided by 18?
15
Calculate the remainder when 75231 is divided by 659.
105
Calculate the remainder when 203398 is divided by 600.
598
What is the remainder when 387588 is divided by 84?
12
What is the remainder when 1745898 is divided by 27?
24
What is the remainder when 86013 is divided by 32?
29
What is the remainder when 1081 is divided by 540?
1
What is the remainder when 265883 is divided by 981?
32
Calculate the remainder when 6146 is divided by 307.
6
What is the remainder when 16579 is divided by 2067?
43
Calculate the remainder when 1186 is divided by 169.
3
Calculate the remainder when 27926 is divided by 1546.
98
What is the remainder when 13906 is divided by 87?
73
What is the remainder when 918 is divided by 11?
5
What is the remainder when 114043 is divided by 37963?
154
Calculate the remainder when 123383 is divided by 159.
158
Calculate the remainder when 90779 is divided by 161.
136
What is the remainder when 31318 is divided by 580?
578
Calculate the remainder when 356 is divided by 28.
20
What is the remainder when 1333 is divided by 653?
27
Calculate the remainder when 1507539 is divided by 116.
3
Calculate the remainder when 5669 is divided by 2826.
17
Calculate the remainder when 64983 is divided by 138.
123
Calculate the remainder when 2359 is divided by 59.
58
What is the remainder when 354208 is divided by 10?
8
Calculate the remainder when 341912 is divided by 429.
428
Calculate the remainder when 13482 is divided by 217.
28
Calculate the remainder when 1331 is divided by 336.
323
Calculate the remainder when 11763 is divided by 106.
103
Calculate the remainder when 160787 is divided by 690.
17
Calculate the remainder when 47062 is divided by 101.
97
What is the remainder when 70864 is divided by 219?
127
Calculate the remainder when 854563 is divided by 446.
27
What is the remainder when 17473 is divided by 2912?
1
What is the remainder when 48591 is divided by 108?
99
Calculate the remainder when 2490 is divided by 609.
54
What is the remainder when 1231135 is divided by 9?
7
What is the remainder when 3538 is divided by 1265?
1008
What is the remainder when 8207 is divided by 172?
123
Calculate the remainder when 2928 is divided by 25.
3
Calculate the remainder when 266294 is divided by 156.
2
Calculate the remainder when 83960 is divided by 58.
34
Calculate the remainder when 2846 is divided by 880.
206
Calculate the remainder when 148483 is divided by 339.
1
What is the remainder when 102350 is divided by 129?
53
What is the remainder when 3734 is divided by 1236?
26
What is the remainder when 5360 is divided by 372?
152
Calculate the remainder when 2477 is divided by 2328.
149
Calculate the remainder when 2815 is divided by 210.
85
What is the remainder when 54277 is divided by 163?
161
What is the remainder when 672 is divided by 157?
44
What is the remainder when 704981 is divided by 43?
39
Calculate the remainder when 68272 is divided by 34136.
0
What is the remainder when 65008 is divided by 335?
18
Calculate the remainder when 29220 is divided by 203.
191
What is the remainder when 7364 is divided by 52?
32
Calculate the remainder when 7268 is divided by 1418.
178
Calculate the remainder when 325757 is divided by 40.
37
Calculate the remainder when 29894 is divided by 5977.
9
What is the remainder when 232439 is divided by 745?
744
Calculate the remainder when 152380 is divided by 16.
12
What is the remainder when 6390 is divided by 109?
68
Calculate the remainder when 11853 is divided by 53.
34
Calculate the remainder when 8353 is divided by 97.
11
What is the remainder when 39740 is divided by 2488?
2420
Calculate the remainder when 245472 is divided by 17532.
24
Calculate the remainder when 22954 is divided by 34.
4
Calculate the remainder when 471678 is divided by 6374.
2
Calculate the remainder when 144804 is divided by 20677.
65
Calculate the remainder when 44552 is divided by 67.
64
Calculate the remainder when 1278 is divided by 57.
24
Calculate the remainder when 12122 is divided by 146.
4
What is the remainder when 329725 is divided by 19?
18
What is the remainder when 1269 is divided by 482?
305
What is the remainder when 39009 is divided by 6491?
63
What is the remainder when 1488728 is divided by 199?
9
What is the remainder when 10363 is divided by 226?
193
What is the remainder when 36238 is divided by 17?
11
Calculate the remainder when 6866 is divided by 213.
50
What is the remainder when 712 is divided by 17?
15
Calculate the remainder when 10558 is divided by 2639.
2
Calculate the remainder when 484236 is divided by 87.
81
Calculate the remainder when 37098 is divided by 12362.
12
Calculate the remainder when 84805 is divided by 367.
28
What is the remainder when 95109 is divided by 255?
249
What is the remainder when 86194 is divided by 349?
340
Calculate the remainder when 3601 is divided by 92.
13
What is the remainder when 4468 is divided by 1200?
868
What is the remainder when 19830 is divided by 514?
298
What is the remainder when 203827 is divided by 374?
371
Calculate the remainder when 189715 is divided by 825.
790
Calculate the remainder when 213900 is divided by 895.
890
Calculate the remainder when 1743 is divided by 23.
18
Calculate the remainder when 406613 is divided by 169.
168
What is the remainder when 790 is divided by 71?
9
What is the remainder when 1363350 is divided by 113612?
6
Calculate the remainder when 33598 is divided by 548.
170
Calculate the remainder when 51669 is divided by 12.
9
What is the remainder when 8168 is divided by 357?
314
What is the remainder when 4006 is divided by 179?
68
Calculate the remainder when 713 is